 d = u + -4. Determine o(d).
5
Suppose -3*n + 4*s - 344 = -328, -s - 19 = 5*n. Let q(p) = 18 - 9 + 6*p - 8 + p**2. What is q(n)?
-7
Let g(l) = 2*l - 16. Let y(t) = t**3 + 10*t**2 - 12*t + 1. Let a be y(-11). Let h be 15 + (-9)/(27/a). Determine g(h).
6
Let l(n) = n**3 + 6*n**2 + 4*n + 6. Let a(u) = 4*u**2 + 11*u - 12. Let i be a(4). Let r = i + -101. Give l(r).
11
Let a(p) = 61*p**3 - 2*p**2 + 5*p - 2. Let m(y) = 2*y**3 - y**2 + 2*y - 1. Let r(b) = a(b) - 2*m(b). What is r(-1)?
-58
Let y(z) = 7*z**2 + z + 1. Suppose -6 = -3*p + 6*p. What is y(p)?
27
Let r be 3*1 + (-6 - -9). Let h(j) be the third derivative of j**5/120 - j**4/24 + j**3/6 - j**2. Let d(o) be the first derivative of h(o). What is d(r)?
5
Suppose -7 = -5*l + 13. Let k = l + -9. Let p(r) = r + 6. Give p(k).
1
Let g(j) be the second derivative of j**3/6 + 2*j**2 + 233*j - 5. Let s be (-1)/(-2) - 15/2. Let f = 4 + s. Determine g(f).
1
Let n(l) = -l**2. Let s(q) = -6*q - q + 1 + 0 - 3*q**2. Let t be ((-2)/2)/(41 - 40). Let g(w) = t*s(w) + 4*n(w). Determine g(6).
5
Let y(s) = -s**3 - 4*s**2 + s + 2. Let j = 96 - 100. Calculate y(j).
-2
Let y = 9 - 4. Let b(g) = -g**2 + 2*g - 6. Let j(n) = -n**2 + 3*n - 6. Let k(s) = y*j(s) - 6*b(s). Suppose 3*f - c + 5 = -6, -2*f - 2*c = 10. Give k(f).
10
Let g(c) be the first derivative of -4 - 6*c**2 - 1/4*c**4 - 13/3*c**3 - 3*c. Let v be g(-12). Let q(z) = -z**2 - z + 2. Determine q(v).
-4
Let h(f) = 3*f - 1. Let y be h(-1). Let l(b) = 21*b + 17*b - 35*b + 5*b**2 - 5 + b**3. Calculate l(y).
-1
Let k(l) = 328 + 11*l**2 - 329 - l**2. Calculate k(1).
9
Suppose 2*q = -j - 11, 3*q + 4*j + 3 + 16 = 0. Let v(z) = -z - z**2 - 4*z - 3 + 4. Let f(t) = -2*t**2 - 9*t + 3. Let c(l) = q*v(l) + 3*f(l). What is c(-4)?
-4
Let w(x) = -x**2 + x + 5. Suppose 5*f + 3 = 43. Suppose -z = 3*z - f. Suppose -5*y = 5*q + 45, -3*y + 7 = z*q - 6*y. Give w(q).
-15
Let b be ((-8)/(-20))/(5/25). Suppose 4 = -0*l + b*l. Let q(v) = -4*v**2 + 3*v. Determine q(l).
-10
Let h = -11 - -14. Let t(y) = -y - 1. Let s(o) = 6*o + 4. Let j(x) = h*t(x) + s(x). Determine j(-3).
-8
Let b be (-5)/(5/(-3)) + -1. Let s(i) be the first derivative of -i**4/24 + 2*i**3/3 - 7*i**2/2 + 5. Let j(h) be the second derivative of s(h). Calculate j(b).
2
Let v(k) = -k**2 - 5*k + 4. Let i be (-36)/(-3)*(-4)/(-32)*-4. What is v(i)?
-2
Let d(l) be the first derivative of -l**2/2 - 13*l - 40. What is d(-8)?
-5
Let u(k) = -4 + k - 4 - 2*k + 7. Suppose 2 = z, 0*f + 2 = -2*f - z. Let v(j) = j + 1. Let h(c) = f*u(c) - 3*v(c). Give h(-7).
6
Let h be (-1)/2*(-7 + 35). Let o(y) be the third derivative of -y**4/4 + y**3/3 + 2*y**2. Let c(a) = -a. Let g(n) = h*c(n) + 2*o(n). What is g(-7)?
-10
Let n(z) = -z**2 - 33 + 16*z + 28 - 26. Let j be n(14). Let w(x) = x**3 + 4*x**2 + 3*x - 1. What is w(j)?
-1
Let b(o) = o**3 - 2*o**2 - 9*o - 6. Suppose 112*x - 188 - 372 = 0. Calculate b(x).
24
Let m(d) = -1 + 0*d - 5 - 4*d + 2. Let o(g) = -g**3 + 2*g**2 + g - 4. Let l be o(0). Determine m(l).
12
Let a be ((-4)/(-18))/(1/9). Let c(l) = -l + 1. Let y(n) = 3*n - 2. Let v(q) = a*y(q) + 5*c(q). What is v(-4)?
-3
Let n(h) = h**3 + 6*h**2 - 2*h - 9. Let i be (2 - 0)/((-3)/9). What is n(i)?
3
Let v = -189 + 196. Let s(y) be the first derivative of -y**4/4 + 8*y**3/3 - 7*y**2/2 + 2*y - 1. What is s(v)?
2
Let y(x) = -14*x + 2. Let z(v) = -48*v + 7. Let w(l) = 7*y(l) - 2*z(l). Let n be 0/(-1) - (-2)/2. What is w(n)?
-2
Suppose -209 = -k - 219. Let z(t) = -t**2 - 9*t + 6. What is z(k)?
-4
Let i = 72 - 70. Let v(n) = -49*n**3 + 61*n**3 + 3*n**2 - n**i - 3*n**2. Suppose 5*x - 4 - 1 = 0. What is v(x)?
11
Let l(b) = -b - 19. Let k = -98 + 88. Give l(k).
-9
Let g(r) = r**3 + 9*r**2 + 4*r + 9. Suppose -b - 3*l = 23, -16*l + 15*l + 19 = -3*b. Give g(b).
41
Suppose 5*z = -29 - 1. Let a(c) = -3*c + 1. Let n be 0 + (1 - -1 - (-13 + 11)). Let q(m) = -8*m + 4. Let b(y) = n*q(y) - 11*a(y). What is b(z)?
-1
Let t(q) = -q + 2. Let d(n) = n + 7. Let j be d(-3). Suppose 5*m + 11 = j*x, 3*m = 4*x - 2*x - 3. Give t(x).
-7
Let u(s) = s + 15. Suppose -3*y - 5 = -2. Let r(v) = 1. Let x(c) = y*u(c) + 2*r(c). Let k be x(-17). Let i(q) = 4*q - 6. Determine i(k).
10
Let d(r) be the second derivative of 1/12*r**4 - 5/6*r**3 - r**2 + 0 - 6*r. Let q be (-13)/(-4) - 75/(-100). Calculate d(q).
-6
Suppose -4*m = o + 17, m + 16 = -3*m. Let w(q) = -q + 8. Let l be w(6). Let x(h) = 34*h**l + 1 - 17*h**2 - 26*h**2. Determine x(o).
-8
Let o(l) = -56*l - 281. Let v be o(-5). Let w(z) = -6*z**3 - 2*z**2 + 1. Give w(v).
5
Let h = -144 + 148. Let p(o) = -4*o + 3. Give p(h).
-13
Let u(g) = 4*g + 49 - 91 + 55 - 12*g - g**2. Calculate u(-10).
-7
Let m(f) be the second derivative of f**5/20 - 3*f**4/4 + f**3 + 3*f**2/2 + 913*f. Give m(7).
-53
Suppose -77*b - 24 = -74*b. Let s(f) = f**2 + 7*f - 7. Give s(b).
1
Let a = -24 - -24. Suppose -100 = -5*l - 0*l + 5*c, a = 4*l - 5*c - 80. Suppose q + l = -3*q. Let w(g) = -g**3 - 6*g**2 - 4*g - 1. Give w(q).
-6
Let y = 4 - 2. Suppose -y*f = c + 11, f - 10 = 4*c + 7. Let n(q) = q**2 - 3*q. Let m(l) = -l**2 + 2*l. Let w(r) = -3*m(r) - 2*n(r). What is w(f)?
9
Let u(q) = 4*q - 33. Let f be ((-20)/10)/2 + 9. Calculate u(f).
-1
Let j = 20 - 13. Let d be (-4 + (4 - j))*-1. Let v(s) = -6*s - 5 + 0*s**3 + 2 - s**3 + d*s**2. Determine v(6).
-3
Let h(d) be the second derivative of d**3/3 - 17*d**2/2 + 8*d + 2. Calculate h(16).
15
Let m(c) = 3*c + 1. Let v(z) = 11*z + 15. Let t(j) = -2*m(j) + v(j). What is t(-4)?
-7
Let g be 3*(-2 + -1*2/2). Let o(n) = -5*n**3 + 27*n**2 + 4*n + 4. Let v(d) = -d**3 + 7*d**2 + d + 1. Let t(k) = g*v(k) + 2*o(k). Give t(-9).
8
Let v(b) = -b - 2. Let c be v(5). Let u(d) = -d - 4. Let o be u(c). Let l(p) = p**3 - 2*p**3 - 3*p + 2 + 5*p**2 + 0*p**3. Calculate l(o).
11
Let a(z) = 11*z - 15. Suppose -2*y = y - 12, -3*l + y = -5. Calculate a(l).
18
Let r(l) = 2 - 5 - 1 - 3*l - 2*l - l - l**2. Let d(c) = c**3 - 5*c**2 - c. Let u be d(5). What is r(u)?
1
Let f be 3/6 + (-23)/(-2). Suppose 2*q - f = -2*q. Suppose 0 = q*h + 5*j + 10, -5*h + 3*j + 40 = -0*h. Let n(x) = x**3 - 4*x**2 - 8*x + 6. Determine n(h).
-9
Let f(u) = 2*u**2 - 10*u - 131. Let b be f(-6). Let x(t) = -t - 1. Determine x(b).
-2
Let h be ((-3)/(-12) + (-1)/4)/2. Let t(i) be the second derivative of h - i**2 - 1/6*i**3 - 6*i. Calculate t(4).
-6
Let w = -1934 + 1938. Let v(i) be the second derivative of 0 - i + 1/2*i**3 - 3*i**2. Determine v(w).
6
Suppose 20*o - 2 = 19*o. Let h(b) = 7*b + b**3 + 2*b**o + 6*b**2 - 5*b - 2 + 4*b. Give h(-7).
5
Let b(q) = -q**2 - 2*q + 3. Let n(y) = y**2 + 3*y - 4. Let t(r) = -3*b(r) - 2*n(r). Let m(d) = -4*d**2 - 2*d + 1. Let g(k) = -m(k) - 5*t(k). What is g(5)?
-11
Suppose -5*y + 2*z = 10, 4*y + 4*z - 9 = -17. Let q(s) = -4*s**3 + 2*s**2 + 3*s + 3. What is q(y)?
37
Let s(y) = -9*y - 1. Let d = -3 + 5. Suppose 4*u - 2*u = -d. Calculate s(u).
8
Let x(o) = -3*o + 7. Let k(v) = -18*v + 35. Let q(a) = 2*k(a) - 11*x(a). Determine q(-9).
20
Let a(j) = 7*j - 1. Let z(y) = 7*y - 1. Let q(c) = 3*a(c) - 4*z(c). Let t(w) = w - 5. Let r be t(9). Let o be ((-2)/4)/(r/(-8)). Determine q(o).
-6
Let k = 14 + -13. Let z(c) = 11*c - 2. Determine z(k).
9
Let p(l) = -13*l - 229. Let d be p(-18). Let o(t) be the first derivative of -1/4*t**4 - d + 2/3*t**3 + 1/2*t**2 - t. Determine o(3).
-7
Let d(u) be the first derivative of 9*u**2/2 - 3*u - 58. Give d(-3).
-30
Let i(p) = 2*p + 8. Let s be i(-6). Suppose 6*f - 12 = -0*f. Let b(m) = 8*m - 3 - 13*m - 26*m**2 + 25*m**f. What is b(s)?
1
Let p(r) = r**3 + 2*r**2 - 3*r - 3. Let c be p(4). Suppose w = 4*w - c. Let u = -26 + w. Let m(j) = 8*j**3 + j**2 - 2*j + 1. What is m(u)?
8
Suppose 5*z - 3*z = 0. Let f be (4/1)/(2*1). Let c(q) = -f*q + 3 + 0*q + q. What is c(z)?
3
Let k = -13 + 19. Let d(x) = -3 + 11*x + x**2 + x - 18*x. Calculate d(k).
-3
Let s(j) be the first derivative of j**6/120 - 7*j**5/60 + 3*j**4/8 - 3*j**3/2 + 9*j**2 - 13. Let t(a) be the second derivative of s(a). What is t(6)?
9
Suppose 3*o + 3*k = 75, -7*o - 2*k - 31 = -8*o. Suppose -4*a + w - 6*w = 25, -5*a - o = 2*w. Let s(f) = -3*f. Calculate s(a).
15
Let r(n) = -2*n**2 + 96*n + 527. Let o be r(-5). Let w(g) = -2*g**2 + 2 + 2 - 3*g - 2. What is w(o)?
-7
Let t(i) = 38*i**2 - 3*i - 1. Let q be t(-1). Let h = 46 - q. Let c(x) = 3 + 7*x - x**2 - 3 -